
3
Let p = -123 + 207. Let a be (p/8)/((-6)/(-88)). Let w(b) = -b**3 + b**2 - b + 14. Let n be w(0). Calculate the highest common divisor of a and n.
14
Let g(r) = 151*r - 5038. Let j be g(38). What is the highest common divisor of 224 and j?
28
Let h(a) = a**2 - 2. Let y(n) = n**3 + 36*n**2 + 24*n - 14. Let m(f) = -2*h(f) + y(f). Let d be m(-32). What is the greatest common factor of d and 10?
10
Let y(l) = -l**3 + 7*l**2 + 7*l + 18. Let j be y(8). Let b = -135 - 15. Let f be (-1)/(1*3/b). Calculate the greatest common divisor of f and j.
10
Let q(o) = o**2 - 25*o - 499. Let n be q(-15). What is the greatest common divisor of n and 1?
1
Let f(n) = -3*n**2 - 90*n + 2. Suppose 238 = -3*w + 148. Let m be f(w). Calculate the greatest common divisor of 4 and m.
2
Suppose -126*q - 1062 = -144*q. Suppose 61 + q = 5*t. What is the greatest common factor of t and 88?
8
Let b = 15 + 5. Let h be b/(-30)*(-162)/4. Let k be (-3)/(h/600)*(-3)/1. What is the greatest common factor of k and 25?
25
Let j be (-40)/(-12) + (-2)/6. Suppose 0 = -c - j*c + 132. Let f = -23754 + 23757. What is the highest common divisor of c and f?
3
Let a = -620 - -735. Let r(p) = 0*p + 1 + 9*p + 2*p. Let i be r(2). Calculate the greatest common divisor of a and i.
23
Suppose -4*f - 431 = -743. Let m = 180 + -128. What is the highest common factor of m and f?
26
Suppose v - 136 = -1. Let z = -27 + v. Suppose 5*n - 74 = 61. What is the highest common factor of n and z?
27
Suppose 99135 = 88*l - 37353. What is the highest common factor of l and 165?
33
Let b = -39 - -63. Suppose 2*f + b = 26. Let q be 324/27 + 1*(-3 - f). What is the highest common divisor of 72 and q?
8
Let y(n) = -699*n - 873. Let a be y(-3). Calculate the greatest common factor of 288 and a.
72
Let o(u) be the third derivative of -8*u**2 - 13/6*u**3 + 0*u + 31/24*u**4 + 0. Let p be o(3). Calculate the highest common divisor of p and 20.
20
Suppose -2032*m + 2031*m = 9, -6*p + 1215 = -3*m. Suppose s - 4 = -0*s. Let z be (-1)/4 + 73/s. What is the highest common factor of p and z?
18
Let t(h) = 5 - h**2 + h + 2*h + 2*h**2 - 6*h - h. Let i be t(2). Calculate the highest common divisor of i and 58.
1
Let w(o) = -50*o + 40. Suppose 7*q + 9 = -5. Let z be w(q). What is the highest common divisor of z and 20?
20
Suppose -5*n + m = -120, -3*n + 84 = -0*n - 3*m. Suppose 17*s + 480 = n*s. What is the highest common factor of s and 60?
20
Let z = 89 + 93. Let g(f) = -9*f**2 - 344*f - 48. Let b be g(-38). Calculate the highest common divisor of z and b.
14
Let k = 3681 + 1372. Calculate the highest common factor of 326 and k.
163
Let y = -78 + 138. Let g(h) = 20*h + 180. Let o = -190 + 186. Let n be g(o). Calculate the highest common divisor of y and n.
20
Let l(x) = -33*x - 143. Let s be l(7). Let y = -310 - s. Calculate the greatest common divisor of y and 288.
32
Let v be 15*(-68)/85*10/(-12). Let z be 4/(-10)*(-29 - (6 - v)). Let d be z*(21/5 + -4). Calculate the greatest common factor of 18 and d.
2
Suppose 5*h + 2*s - 6 = 4*h, -4*s - 60 = -4*h. Suppose h*a - 164 = 28. What is the highest common factor of a and 392?
8
Suppose -4*o = r - 391, -2*o + 6*r = r - 223. Suppose 0 = -22*j + 41*j - 171. Calculate the greatest common divisor of o and j.
9
Let p(f) = -7*f + 44. Let w be p(5). Let u be (-6 - (-42)/w)/((-12)/99). What is the greatest common factor of u and 11?
11
Suppose -5*w = b - 156, -6*b + 10*b = 2*w - 80. Calculate the greatest common divisor of 356 and w.
4
Suppose -7*d + 16*d - 54 = 0. Suppose 25 = -d*b + 265. What is the greatest common divisor of 280 and b?
40
Suppose 3*n + 22 = 3*a - 44, 0 = -5*n + 5. Let h = 35053 - 35051. What is the greatest common factor of h and a?
1
Let p be 12/((-4)/(-9) + 520/(-1980)). What is the highest common divisor of 69 and p?
3
Let s(b) be the first derivative of b**4/2 - 7*b**3/3 - 2*b**2 + 17*b + 129. Let h be s(5). What is the highest common divisor of 18 and h?
18
Let i be (1*2)/((104/(-32))/(-13)). Suppose 3*z = 12, 3*s - 4*z + 136 = i*s. Let b be (30/(-4))/((-3)/24). Calculate the greatest common factor of b and s.
12
Let k be 147 + 4/14*(-98)/(-14). Let w = k + -77. Calculate the greatest common factor of w and 9.
9
Let y = -11 - -7. Let p(x) = x - 3*x - 7 + x - x. Let a be p(y). What is the greatest common divisor of 1 and a?
1
Let t(p) = p**3 - 13*p**2 - 27*p - 5. Let q be t(15). Suppose -116 = -2*z + 2*s, -z = -22*s + 27*s - q. What is the highest common factor of 77 and z?
11
Let a(r) = -r**3 - 4*r**2 + 4*r - 17. Let g be a(-6). Let m = g + -15. Calculate the greatest common factor of m and 128.
16
Suppose -4*x + 60 = 5*y, 32*y = 37*y - 3*x - 95. What is the highest common factor of 2416 and y?
16
Suppose 3*a = g - 26, -2*a = -g + 4 + 19. What is the highest common factor of g and 187?
17
Suppose v - s - 23 = 4*v, -s = 5*v + 41. Let a be 0 + v*-1*9. Let r = -340 - -367. Calculate the highest common divisor of a and r.
27
Suppose -121 = -q + f, -5*q + 3*f - 4*f = -599. Suppose 3*x = 5*l + 134, 0 = 3*x + 2*x - 2*l - 236. Calculate the highest common factor of q and x.
24
Let x(q) = -q**3 - 2*q**2 - q - 3. Let w be x(-4). Let l(u) = -u**3 - 48*u**2 - 58*u + 1567. Let d be l(-46). What is the greatest common divisor of d and w?
3
Suppose -x + 2*o + 800 = 106, 4*x - o = 2755. Calculate the highest common factor of 128 and x.
16
Let g(x) = 21*x**3 + 4*x**2 + 8*x - 42. Let z be g(4). What is the highest common divisor of z and 1631?
233
Suppose 16*j - 1665 - 2087 = 344. Calculate the highest common divisor of 1664 and j.
128
Let g(p) = -2*p**2 + 29*p - 95. Let m be g(7). Calculate the greatest common divisor of 2570 and m.
10
Let l = 415 - 415. Suppose l = -d - 45 + 264. Calculate the greatest common divisor of d and 73.
73
Let b(s) = s**3 + 5*s**2 + 4*s - 7. Let u be b(-3). Let z be 1147/148 - u/4. What is the greatest common divisor of z and 72?
8
Let x be 1 + (-53)/9 + 5/(-45) - -175. Calculate the highest common divisor of 320 and x.
10
Suppose -f + 6*f - 20 = 0. Suppose 13*v = 19*v - 18. What is the highest common divisor of f and v?
1
Let b be ((-7230)/(-40) + -7)*24/15. What is the greatest common factor of 2 and b?
2
Suppose -11340 = -78*w - 111*w. What is the highest common divisor of 615 and w?
15
Suppose -33 = -2*r + 5*q, -143 + 139 = 4*r + 4*q. Let s = 0 + 5. Suppose 4*v = 4*i - 60, -r*v - 62 = -s*i + 9. Calculate the highest common divisor of i and 22.
11
Let l(p) = p**2 + 14*p - 8. Let q be l(-15). Let i(d) = 27*d + 16. Let h be i(3). Suppose 3*r = h + 71. Calculate the highest common factor of r and q.
7
Let n = -2548 - -3025. What is the highest common factor of 53 and n?
53
Let o(h) = 2*h**3 + 16*h**2 - 29*h + 26. Let m be o(-9). What is the highest common divisor of 75 and m?
25
Let a = -23 + 25. Suppose y + 4*v - 3 = 0, y = a*v - 3 + 6. Let g be (10/y)/((-3)/(1701/(-14))). What is the highest common factor of g and 15?
15
Let y(c) = 6*c**2 + 2*c + 2. Let b be y(5). Suppose 0 = 183*q - 15*q + 2896 - 8944. Calculate the highest common divisor of q and b.
18
Suppose 5*v - 7 = -p, -19 = -p + 2*v + 9. Suppose 4*d - l - 2*l - 431 = 0, -122 = -d - 4*l. What is the greatest common factor of p and d?
22
Let o = -550 - -771. Let w = -28 - -41. Calculate the highest common divisor of w and o.
13
Let w be (-21)/((-2)/(-3)*3/(-54)*9). Calculate the highest common divisor of w and 77.
7
Let h be ((-30)/(-6) - -17) + 8. What is the highest common divisor of h and 19230?
30
Let h = -6109 + 6799. What is the greatest common divisor of 70 and h?
10
Let p be ((-90)/9)/((-1)/6). Suppose -1797 - 2087 = -39*z - 764. Calculate the highest common divisor of p and z.
20
Let o(n) = 8*n + 4 - 10*n + 3. Let w be o(-4). Suppose 16 = 7*k - 3*k + 4*m, 0 = 5*m - w. Calculate the highest common divisor of 2 and k.
1
Let y be ((-156)/(-20) - 8)*-1*10. Suppose 33*b + 5 = 28*b - y*k, 5*b = 2*k + 15. Let j = -18 + 26. Calculate the highest common divisor of j and b.
1
Let s(t) = t**3 + 10*t**2 - 2*t + 1. Let x be s(-9). Calculate the greatest common divisor of 450 and x.
50
Let w = -464 - -501. Suppose 3*j + 288 = 3*r, -r - 3*j + 51 = -w. What is the greatest common factor of 235 and r?
47
Let h be 2*-1*-26*(-7)/(-36 - -8). What is the greatest common factor of 559 and h?
13
Let w be